n base 15?
3b4
What is -24342 (base 5) in base 11?
-142a
Convert -2ee (base 16) to base 7.
-2121
Convert -8103 (base 9) to base 2.
-1011100011100
202 (base 3) to base 14
16
-4278 (base 9) to base 13
-1583
What is -2d (base 15) in base 13?
-34
Convert -11112 (base 6) to base 12.
-a98
Convert d2e8 (base 15) to base 13.
17375
Convert -2931 (base 12) to base 11.
-3664
What is -4011 (base 6) in base 14?
-463
What is -1756 (base 11) in base 15?
-9e4
121211 (base 3) to base 8
706
What is 13141 (base 5) in base 8?
2026
What is -14b8 (base 13) in base 10?
-3024
-153 (base 16) to base 13
-201
-14402 (base 5) to base 6
-5403
Convert -4f1 (base 16) to base 10.
-1265
What is -1112323 (base 6) in base 12?
-286a3
What is -12444 (base 6) in base 12?
-1124
-2434 (base 5) to base 3
-111200
-1655 (base 7) to base 2
-1010100101
What is -2750 (base 13) in base 6?
-42042
-2a7a (base 11) to base 7
-14354
Convert 366 (base 14) to base 5.
10203
Convert -6eca (base 16) to base 13.
-cba9
What is 110110010010 (base 2) in base 6?
24030
Convert -3535 (base 6) to base 13.
-506
Convert -5141 (base 7) to base 3.
-2110102
Convert 8690 (base 10) to base 3.
102220212
What is -63d (base 14) in base 11?
-a1a
Convert -947 (base 12) to base 10.
-1351
3423001 (base 5) to base 4
32321021
Convert 100111000110 (base 2) to base 6.
15330
14cb (base 13) to base 9
4147
31050 (base 6) to base 3
12200010
What is -3404 (base 11) in base 8?
-10601
What is 1d6f (base 16) in base 10?
7535
What is 2ab (base 13) in base 3?
122202
-2000113 (base 4) to base 12
-4907
101100110 (base 2) to base 8
546
What is -1352 (base 9) in base 14?
-52b
What is -106b (base 12) in base 9?
-2432
Convert -100001100000110 (base 2) to base 8.
-41406
13bc (base 13) to base 16
b2b
What is -232 (base 9) in base 7?
-362
Convert -1324 (base 8) to base 13.
-439
Convert -131123 (base 8) to base 2.
-1011001001010011
Convert -1126 (base 9) to base 4.
-31002
Convert -1101110011101 (base 2) to base 11.
-5347
216 (base 10) to base 4
3120
Convert -7d7a (base 14) to base 16.
-5568
-1113 (base 9) to base 3
-1010110
Convert 1033 (base 8) to base 14.
2a7
Convert 61c2 (base 14) to base 7.
100032
Convert -100305 (base 8) to base 11.
-22849
Convert -2836 (base 9) to base 15.
-979
What is -101221 (base 3) in base 13?
-199
Convert 21145 (base 7) to base 13.
24c1
Convert 111100010000 (base 2) to base 9.
5254
Convert 227 (base 16) to base 15.
26b
Convert 28b2 (base 12) to base 5.
122432
What is 5808 (base 9) in base 10?
4301
-460 (base 13) to base 8
-1362
Convert -134 (base 9) to base 3.
-11011
What is 46c (base 14) in base 13?
529
Convert -1648 (base 13) to base 10.
-3271
1111000110 (base 2) to base 3
1022210
What is -28216 (base 10) in base 15?
-8561
Convert 11456 (base 10) to base 13.
52a3
What is -151 (base 10) in base 11?
-128
What is 3a4 (base 16) in base 15?
422
Convert 9ed9 (base 16) to base 10.
40665
3001 (base 5) to base 3
111221
Convert -2069 (base 14) to base 6.
-41501
11a97 (base 11) to base 8
41610
10200201 (base 3) to base 5
41232
271 (base 8) to base 6
505
-9e5 (base 16) to base 3
-10110211
Convert 3a9 (base 11) to base 8.
742
Convert -111100011010101 (base 2) to base 12.
-15a99
Convert -101010011011 (base 2) to base 10.
-2715
e45 (base 16) to base 4
321011
Convert 111001110 (base 2) to base 9.
563
Convert 8836 (base 14) to base 2.
101110000010000
Convert -70b9 (base 15) to base 16.
-5cf7
-1140 (base 7) to base 11
-352
What is 2130 (base 5) in base 9?
352
What is 57c (base 15) in base 9?
1630
Convert -16545 (base 7) to base 3.
-20111110
Convert 773 (base 13) to base 8.
2375
What is 143123 (base 5) in base 10?
6038
What is -1302103 (base 4) in base 8?
-16223
Convert 16a (base 13) to base 14.
145
799 (base 10) to base 6
3411
-1010010010 (base 2) to base 6
-3014
What is -7001 (base 13) in base 10?
-15380
Convert 3302000 (base 4) to base 7.
63104
441 (base 6) to base 16
a9
-201012 (base 3) to base 11
-431
-1010010100100 (base 2) to base 15
-1874
Convert -1511 (base 6) to base 3.
-112221
-3474 (base 9) to base 11
-1a34
-1606 (base 8) to base 13
-545
Convert -111010001111000 (base 2) to base 9.
-44808
Convert 1011101101001 (base 2) to base 10.
5993
-1101101011 (base 2) to base 14
-467
54531 (base 7) to base 4
3111030
1285 (base 16) to base 3
20111121
615 (base 11) to base 2
1011100110
-212011010 (base 3) to base 11
-11754
c72 (base 14) to base 9
3324
-10011010010 (base 2) to base 16
-4d2
Convert 54166 (base 7) to base 13.
6196
5784 (base 11) to base 10
7594
-b506 (base 12) to base 14
-7298
Convert 10000101010100001 (base 2) to base 3.
10110122001
-42314 (base 11) to base 7
-344414
Convert -450 (base 9) to base 3.
-111200
Convert 101110100110 (base 2) to base 7.
11460
Convert -5609 (base 11) to base 2.
-1110011011110
708 (base 15) to base 12
abb
2351 (base 6) to base 5
4241
-42127 (base 10) to base 16
-a48f
-1210111010 (base 3) to base 5
-2112341
4c1 (base 15) to base 8
2071
Convert 298 (base 10) to base 5.
2143
15b (base 16) to base 2
101011011
2625 (base 8) to base 10
1429
Convert -57a5 (base 14) to base 9.
-22810
2b7a (base 12) to base 13
244c
What is 613 (base 9) in base 14?
278
Convert -8841 (base 11) to base 16.
-2d8d
Convert -13213 (base 6) to base 8.
-3751
What is 3786 (base 12) in base 10?
6294
211220 (base 3) to base 5
4433
What is 21123 (base 4) in base 9?
740
What is -232 (base 10) in base 16?
-e8
-455 (base 11) to base 8
-1040
What is 2b8 (base 13) in base 8?
751
What is 4440 (base 12) in base 3?
101100010
Convert -322 (base 7) to base 16.
-a3
-904 (base 15) to base 7
-5626
Convert -64 (base 12) to base 6.
-204
Convert -351 (base 10) to base 6.
-1343
Convert -11011010 (base 3) to base 7.
-11553
Convert 11122 (base 6) to base 4.
120122
What is -347 (base 8) in base 2?
-11100111
1101200 (base 4) to base 10
5216
Convert -22311332 (base 4) to base 13.
-172a6
What is 2100 (base 6) in base 13?
2a0
What is f05 (base 16) in base 3?
12021102
What is -487 (base 12) in base 16?
-2a7
238 (base 12) to base 14
19a
What is 1803 (base 10) in base 16?
70b
202112221 (base 3) to base 10
14983
-100312 (base 4) to base 10
-1078
Convert 2002 (base 4) to base 2.
10000010
Convert 31 (base 13) to base 8.
50
What is -24d (base 14) in base 13?
-296
260 (base 7) to base 15
95
What is -1c83 (base 16) in base 15?
-2269
What is -130 (base 10) in base 9?
-154
What is 12056 (base 10) in base 14?
4572
Convert 132213 (base 4) to base 6.
13023
Convert 2886 (base 12) to base 4.
1021212
What is 1236 (base 9) in base 12?
650
What is 20303301 (base 4) in base 7?
210123
-1008 (base 9) to base 4
-23201
Convert 1011000110110 (base 2) to base 4.
1120312
Convert -1159 (base 15) to base 7.
-13512
-a81 (base 16) to base 14
-da1
Convert 2cbc (base 13) to base 12.
3981
Convert 3b1 (base 13) to base 4.
22023
1212022221 (base 3) to base 5
2133231
Convert -22637 (base 8) to base 9.
-14181
-ac (base 16) to base 9
-211
What is 223 (base 12) in base 7?
630
What is 23230 (base 6) in base 10?
3330
What is -1d9c0 (base 14) in base 2?
-10010100011110100
-143 (base 10) to base 4
-2033
-82c (base 13) to base 12
-97a
Convert -17d (base 16) to base 10.
-381
What is 15a (base 13) in base 8?
364
What is -20012102 (base 3) in base 2?
-1000110101000
-190a (base 15) to base 10
-5410
-8b95 (base 16) to base 14
-d045
What is -21a42 (base 11) in base 13?
-11676
Convert -36499 (base 10) to base 9.
-55054
What is -933 (base 14) in base 8?
-3421
-156400 (base 8) to base 6
-1113532
Convert 10312 (base 7) to base 10.
2557
a364 (base 13) to base 2
101100000011111
Convert 12112100 (base 3) to base 10.
4032
-d51 (base 16) to base 3
-11200021
What is 2002121200 (base 3) in base 11?
29012
Convert -9235 (base 10) to base 15.
-2b0a
2190 (base 13) to base 16
1248
Convert 22a (base 12) to base 3.
102221
What is -100d (base 14) in base 5?
-42012
Convert 216 (base 15) to base 16.
1d7
What is -c (base 16) in base 3?
-110
Convert -2724 (base 13) to base 14.
-2087
-24028 (base 10) to base 2
-101110111011100
Convert 5215 (base 9) to base 14.
156d
What is -1046 (base 13) in base 14?
-b71
What is 33050 (base 6) in base 15?
1546
Convert -41044 (base 5) to base 14.
-d73
What is -100000110010010 (base 2) in base 3?
-212000201
What is -22551 (base 6) in base 16?
-ca3
Convert -be3 (base 15) to base 5.
-41223
What 